{"id":14,"date":"2024-10-16T14:45:16","date_gmt":"2024-10-16T12:45:16","guid":{"rendered":"https:\/\/lecathofrancais.fr\/?page_id=14"},"modified":"2024-10-16T15:11:29","modified_gmt":"2024-10-16T13:11:29","slug":"coin-priere","status":"publish","type":"page","link":"https:\/\/lecathofrancais.fr\/index.php\/coin-priere\/","title":{"rendered":"Coin pri\u00e8re"},"content":{"rendered":"<h1 class=\"wp-block-heading has-text-align-center\">La Provence s&#8217;installe chez vous<\/h1><p class=\"has-text-align-center\">Habillez l&#8217;int\u00e9rieur de votre maison avec une touche proven\u00e7ale originale et inspir\u00e9e. Plongez dans un monde de charme et d&#8217;authenticit\u00e9. Notre collection d\u00e9co s&#8217;inspire des magnifiques paysages de notre r\u00e9gion, de la beaut\u00e9 ensoleill\u00e9e de la Provence, et de son histoire. Vous serez en Provence chez vous !<\/p><p class=\"has-text-align-center\"><a href=\"https:\/\/provencemontventoux.com\/mode\/\">Mode<\/a> &amp; <a href=\"https:\/\/provencemontventoux.com\/souvenirs\/\">Souvenirs<\/a><\/p><p class=\"has-text-align-center\"><\/p>","protected":false},"excerpt":{"rendered":"<p>La Provence s&#8217;installe chez vous Habillez l&#8217;int\u00e9rieur de votre maison avec une touche proven\u00e7ale originale et inspir\u00e9e. Plongez dans un monde de charme et d&#8217;authenticit\u00e9. Notre collection d\u00e9co s&#8217;inspire des magnifiques paysages de notre r\u00e9gion, de la beaut\u00e9 ensoleill\u00e9e de la Provence, et de son histoire. Vous serez en Provence chez vous ! Mode &amp; &hellip; <\/p>\n","protected":false},"author":1,"featured_media":0,"parent":0,"menu_order":0,"comment_status":"closed","ping_status":"closed","template":"","meta":{"footnotes":""},"class_list":["post-14","page","type-page","status-publish","hentry"],"yoast_head":"<!-- This site is optimized with the Yoast SEO plugin v23.6 - https:\/\/yoast.com\/wordpress\/plugins\/seo\/ -->\n<title>Coin pri\u00e8re - WordPress<\/title>\n<meta name=\"robots\" content=\"noindex, follow, max-snippet:-1, max-image-preview:large, max-video-preview:-1\" \/>\n<meta property=\"og:locale\" content=\"fr_FR\" \/>\n<meta property=\"og:type\" content=\"article\" \/>\n<meta property=\"og:title\" content=\"Coin pri\u00e8re - WordPress\" \/>\n<meta property=\"og:description\" content=\"La Provence s&#8217;installe chez vous Habillez l&#8217;int\u00e9rieur de votre maison avec une touche proven\u00e7ale originale et inspir\u00e9e. Plongez dans un monde de charme et d&#8217;authenticit\u00e9. Notre collection d\u00e9co s&#8217;inspire des magnifiques paysages de notre r\u00e9gion, de la beaut\u00e9 ensoleill\u00e9e de la Provence, et de son histoire. Vous serez en Provence chez vous ! Mode &amp; &hellip;\" \/>\n<meta property=\"og:url\" content=\"https:\/\/lecathofrancais.fr\/index.php\/coin-priere\/\" \/>\n<meta property=\"og:site_name\" content=\"WordPress\" \/>\n<meta property=\"article:modified_time\" content=\"2024-10-16T13:11:29+00:00\" \/>\n<meta name=\"twitter:card\" content=\"summary_large_image\" \/>\n<meta name=\"twitter:label1\" content=\"Dur\u00e9e de lecture estim\u00e9e\" \/>\n\t<meta name=\"twitter:data1\" content=\"1 minute\" \/>\n<script type=\"application\/ld+json\" class=\"yoast-schema-graph\">{\"@context\":\"https:\/\/schema.org\",\"@graph\":[{\"@type\":\"WebPage\",\"@id\":\"https:\/\/lecathofrancais.fr\/index.php\/coin-priere\/\",\"url\":\"https:\/\/lecathofrancais.fr\/index.php\/coin-priere\/\",\"name\":\"Coin pri\u00e8re - WordPress\",\"isPartOf\":{\"@id\":\"https:\/\/lecathofrancais.fr\/#website\"},\"datePublished\":\"2024-10-16T12:45:16+00:00\",\"dateModified\":\"2024-10-16T13:11:29+00:00\",\"breadcrumb\":{\"@id\":\"https:\/\/lecathofrancais.fr\/index.php\/coin-priere\/#breadcrumb\"},\"inLanguage\":\"fr-FR\",\"potentialAction\":[{\"@type\":\"ReadAction\",\"target\":[\"https:\/\/lecathofrancais.fr\/index.php\/coin-priere\/\"]}]},{\"@type\":\"BreadcrumbList\",\"@id\":\"https:\/\/lecathofrancais.fr\/index.php\/coin-priere\/#breadcrumb\",\"itemListElement\":[{\"@type\":\"ListItem\",\"position\":1,\"name\":\"Accueil\",\"item\":\"https:\/\/lecathofrancais.fr\/\"},{\"@type\":\"ListItem\",\"position\":2,\"name\":\"Coin pri\u00e8re\"}]},{\"@type\":\"WebSite\",\"@id\":\"https:\/\/lecathofrancais.fr\/#website\",\"url\":\"https:\/\/lecathofrancais.fr\/\",\"name\":\"WordPress\",\"description\":\"Un site utilisant WordPress\",\"potentialAction\":[{\"@type\":\"SearchAction\",\"target\":{\"@type\":\"EntryPoint\",\"urlTemplate\":\"https:\/\/lecathofrancais.fr\/?s={search_term_string}\"},\"query-input\":{\"@type\":\"PropertyValueSpecification\",\"valueRequired\":true,\"valueName\":\"search_term_string\"}}],\"inLanguage\":\"fr-FR\"}]}<\/script>\n<!-- \/ Yoast SEO plugin. -->","yoast_head_json":{"title":"Coin pri\u00e8re - WordPress","robots":{"index":"noindex","follow":"follow","max-snippet":"max-snippet:-1","max-image-preview":"max-image-preview:large","max-video-preview":"max-video-preview:-1"},"og_locale":"fr_FR","og_type":"article","og_title":"Coin pri\u00e8re - WordPress","og_description":"La Provence s&#8217;installe chez vous Habillez l&#8217;int\u00e9rieur de votre maison avec une touche proven\u00e7ale originale et inspir\u00e9e. Plongez dans un monde de charme et d&#8217;authenticit\u00e9. Notre collection d\u00e9co s&#8217;inspire des magnifiques paysages de notre r\u00e9gion, de la beaut\u00e9 ensoleill\u00e9e de la Provence, et de son histoire. Vous serez en Provence chez vous ! Mode &amp; &hellip;","og_url":"https:\/\/lecathofrancais.fr\/index.php\/coin-priere\/","og_site_name":"WordPress","article_modified_time":"2024-10-16T13:11:29+00:00","twitter_card":"summary_large_image","twitter_misc":{"Dur\u00e9e de lecture estim\u00e9e":"1 minute"},"schema":{"@context":"https:\/\/schema.org","@graph":[{"@type":"WebPage","@id":"https:\/\/lecathofrancais.fr\/index.php\/coin-priere\/","url":"https:\/\/lecathofrancais.fr\/index.php\/coin-priere\/","name":"Coin pri\u00e8re - WordPress","isPartOf":{"@id":"https:\/\/lecathofrancais.fr\/#website"},"datePublished":"2024-10-16T12:45:16+00:00","dateModified":"2024-10-16T13:11:29+00:00","breadcrumb":{"@id":"https:\/\/lecathofrancais.fr\/index.php\/coin-priere\/#breadcrumb"},"inLanguage":"fr-FR","potentialAction":[{"@type":"ReadAction","target":["https:\/\/lecathofrancais.fr\/index.php\/coin-priere\/"]}]},{"@type":"BreadcrumbList","@id":"https:\/\/lecathofrancais.fr\/index.php\/coin-priere\/#breadcrumb","itemListElement":[{"@type":"ListItem","position":1,"name":"Accueil","item":"https:\/\/lecathofrancais.fr\/"},{"@type":"ListItem","position":2,"name":"Coin pri\u00e8re"}]},{"@type":"WebSite","@id":"https:\/\/lecathofrancais.fr\/#website","url":"https:\/\/lecathofrancais.fr\/","name":"WordPress","description":"Un site utilisant WordPress","potentialAction":[{"@type":"SearchAction","target":{"@type":"EntryPoint","urlTemplate":"https:\/\/lecathofrancais.fr\/?s={search_term_string}"},"query-input":{"@type":"PropertyValueSpecification","valueRequired":true,"valueName":"search_term_string"}}],"inLanguage":"fr-FR"}]}},"jetpack_sharing_enabled":true,"_links":{"self":[{"href":"https:\/\/lecathofrancais.fr\/index.php\/wp-json\/wp\/v2\/pages\/14","targetHints":{"allow":["GET"]}}],"collection":[{"href":"https:\/\/lecathofrancais.fr\/index.php\/wp-json\/wp\/v2\/pages"}],"about":[{"href":"https:\/\/lecathofrancais.fr\/index.php\/wp-json\/wp\/v2\/types\/page"}],"author":[{"embeddable":true,"href":"https:\/\/lecathofrancais.fr\/index.php\/wp-json\/wp\/v2\/users\/1"}],"replies":[{"embeddable":true,"href":"https:\/\/lecathofrancais.fr\/index.php\/wp-json\/wp\/v2\/comments?post=14"}],"version-history":[{"count":2,"href":"https:\/\/lecathofrancais.fr\/index.php\/wp-json\/wp\/v2\/pages\/14\/revisions"}],"predecessor-version":[{"id":52,"href":"https:\/\/lecathofrancais.fr\/index.php\/wp-json\/wp\/v2\/pages\/14\/revisions\/52"}],"wp:attachment":[{"href":"https:\/\/lecathofrancais.fr\/index.php\/wp-json\/wp\/v2\/media?parent=14"}],"curies":[{"name":"wp","href":"https:\/\/api.w.org\/{rel}","templated":true}]}}